ppose m*h - 3*h - 6 = 0. What are the prime factors of h?
2
Let j be 19 + (3 - (-3 - -3)). Let u = 8 - 3. Suppose -18 = -u*f + j. List the prime factors of f.
2
Let y = 42 - -19. List the prime factors of y.
61
Let g be 0/(9/3 + -2). Suppose g = 5*m - 24 + 4. List the prime factors of m.
2
Let y = 23 + 7. What are the prime factors of y?
2, 3, 5
Let y = 19 + -3. Let j = -11 + y. Suppose -5*d + 40 = -j. What are the prime factors of d?
3
Let a = 14 - 8. Suppose -5*w + 4 = -a. List the prime factors of w.
2
What are the prime factors of 22 - 1/(-3)*-3?
3, 7
Suppose c - 5*n - 93 = 0, -n + 366 = 4*c - 6. What are the prime factors of c?
3, 31
Let t be 74/(-12) - 2/(-12). Let k(j) = j**3 + 7*j**2 + 5*j - 4. What are the prime factors of k(t)?
2
Suppose 38 + 30 = -4*c. Let n = -8 - c. Suppose -4*j + n = 1. What are the prime factors of j?
2
Let v(u) be the third derivative of 0 + 1/6*u**3 + 0*u + 0*u**4 + 2*u**2 + 11/60*u**5. List the prime factors of v(1).
2, 3
Suppose -57 = -2*v + 23. Suppose v = u + 3*u. List the prime factors of u.
2, 5
Let s = 3 + -2. List the prime factors of 7*(-1 + (s - -1)).
7
Suppose 1035 - 308 = 5*y + z, 3*y = -5*z + 423. What are the prime factors of y?
2, 73
Suppose 9*c = 3*c + 666. What are the prime factors of c?
3, 37
Suppose -2*f + 5*f = 0. Suppose f = 8*g - 4*g - 160. What are the prime factors of g?
2, 5
Suppose 5 = -2*m - 3, -2*m = -3*d + 53. Let k = 13 + -24. Let q = d + k. What are the prime factors of q?
2
Let t(x) = -5*x - 35. List the prime factors of t(-21).
2, 5, 7
Let o(n) = -n**3 + 6*n**2 - 4*n - 2. Let u be o(5). Suppose 20 = -2*c + 4*y, -2*y = 2*c - u*y + 8. What are the prime factors of (-7)/c + 2/(-4)?
3
Let c(u) be the third derivative of -u**4/24 + 2*u**2. Let y be c(-5). Suppose y = z - 4. What are the prime factors of z?
3
Let s be (-10)/15*9/(-2). Let v be s + -1 - 0 - -1. Suppose 7*u - 12 = v*u. List the prime factors of u.
3
Suppose 8 = g + g. Suppose 10 = g*h - q, 14 = 2*h + 4*q - 0*q. Suppose h*m + 0*m = 6. What are the prime factors of m?
2
Suppose f - 359 = -27. What are the prime factors of f?
2, 83
List the prime factors of ((-4)/(-10))/(1/(-6 + 31)).
2, 5
Suppose -4*a = -5*a + 20. List the prime factors of a.
2, 5
Let w be 52/8*(2 + 0). Let l = w + -2. Suppose -j = -0 - l. List the prime factors of j.
11
Let x(i) = 2*i - 6. Let z be x(4). Suppose -5*f - 4*h = -31, 2*h = -4*f + z*f + 12. Let p = f + -4. What are the prime factors of p?
3
Let g(q) = q**2 + 4*q. Let h be g(-4). Suppose -2*t + 6*t = -3*r + 69, h = -r - 5*t + 23. List the prime factors of r.
23
Let k be 100/(-12) - 3/(-9). Let d = k + 5. List the prime factors of ((-1)/d)/(7/84).
2
Let u(l) = l**2 + 10*l + 17. List the prime factors of u(-13).
2, 7
Suppose 7*h - 560 = 3*h - 2*f, -20 = 5*f. List the prime factors of h.
2, 71
Let q(o) = o**2 - 3 - 1 + 2. What are the prime factors of q(-5)?
23
Suppose -2*f - 3 = 3*z - 6, -5 = -2*f - z. Suppose 9*b - 18 = 6*b. Let l = b - f. List the prime factors of l.
3
Let v(x) = 153*x - 5. Let l be v(5). Let a be l/25 + 4/(-10). Suppose 2*p - 6*o + 2*o = 4, -p = 5*o - a. What are the prime factors of p?
2, 5
Let w be 2/5 + 36/10. Suppose 5*t = 3*g - w*g + 6, -2*t + g = -8. Suppose t*h = -h + 6. List the prime factors of h.
2
Let n(p) = -p - 3. Let b be n(-6). Suppose 4*x - b + 19 = 0. Let t = 14 + x. What are the prime factors of t?
2, 5
List the prime factors of 2198/21 - (-1)/3.
3, 5, 7
Let i(v) = -v**3 + 6*v**2 - 2*v + 8. Let c be i(6). Let k = c - -13. List the prime factors of k.
3
Suppose 4*l - 6 = 2. Suppose -l*j = 4*n - 21 - 1, -5*n = -3*j + 88. List the prime factors of j.
3, 7
Let j be (6/(-4))/((-1)/(-6)). Let x = j - -12. What are the prime factors of x?
3
Let r be (-1 - 0) + -1 - -7. Let l = -3 + r. Let u(t) = t**2. What are the prime factors of u(l)?
2
Let j(f) = 1 + 0*f**2 - 2 - 3*f**2 + 12*f**2 - 2*f. Let x be j(-1). Suppose -5*u = -4*u - x. List the prime factors of u.
2, 5
Let c(w) = -6*w**2 + w**3 - 2 + 10*w - 4*w**2 + 7. What are the prime factors of c(9)?
2, 7
Let a be 105/56 - (-1)/8. Suppose a*v - v - 7 = 0. What are the prime factors of v?
7
Suppose 2*r = -3*r. Suppose -5*f + 67 + 38 = r. List the prime factors of f.
3, 7
Let v(c) = -c - 3. Let r be v(-3). Suppose 0 = -i - r + 9. What are the prime factors of i?
3
Let x(l) = l**3 + 3*l**2 - 2*l - 2. Let r be x(-3). Suppose 0*p = -r*p - 112. List the prime factors of (p/6)/((-1)/3).
2, 7
Suppose 2*k + 75 = -3*k. Let y = 44 + k. List the prime factors of y.
29
Let d be -1 - 47*(-6 - -3). Suppose 4*b + b - d = 0. List the prime factors of b.
2, 7
Suppose 3*c + c = n + 79, -4*n = 12. Suppose -c = -q + 2. List the prime factors of q.
3, 7
Let v(k) = -26*k - 1. What are the prime factors of v(-1)?
5
Suppose 6 = 4*t - 70. What are the prime factors of t?
19
Suppose y + y = 212. List the prime factors of y.
2, 53
Let i(d) = -d**3 - 5*d**2 - 8*d - 4. What are the prime factors of i(-5)?
2, 3
Let f = -1 + 5. Let t be 6 + 0 + -1 + 2. Suppose 20 = -0*q + f*q, 0 = 2*b - 3*q + t. List the prime factors of b.
2
Let u(h) = h**3 + 11*h**2 + 8*h. Let d be u(-10). Suppose 0 = 5*i - d. Suppose 2*s - 2*k = 5*s - 14, -i*s + 12 = 4*k. What are the prime factors of s?
2
Suppose w - 60 = -0*o - 3*o, o = -3*w + 12. List the prime factors of o.
3, 7
Let u(f) = -36*f - 8. List the prime factors of u(-3).
2, 5
Suppose -2*t = 4*t - 390. List the prime factors of t.
5, 13
Let k(l) = 11*l - 17. List the prime factors of k(9).
2, 41
List the prime factors of (-1)/(-2) - 144/(-32).
5
Suppose -4*m - 60 = -0*m. Suppose 2*y = -5*s + 29 + 30, -2*y = -5*s - 29. Let l = y + m. What are the prime factors of l?
7
Let u = -75 + 153. What are the prime factors of u?
2, 3, 13
Let t = -28 - -26. Let x(f) = 2*f + 5. Let o be x(6). Let s = t + o. What are the prime factors of s?
3, 5
Suppose -22 = -3*u + 119. What are the prime factors of u?
47
Let d be 1/(-1)*(-8)/(-4). Let i(y) = 3*y**2 - y + 1. What are the prime factors of i(d)?
3, 5
Suppose -5*v - 5*y = -3*y + 6, y = -4*v - 3. Suppose v = -0*a + 4*a - 8. Suppose a*u = -z, -1 = -4*u - 5. List the prime factors of z.
2
Suppose -4*z + 39 = 3. Suppose -5*w + 4*w - 3 = 0. Let r = w + z. What are the prime factors of r?
2, 3
Let s(g) = g**3 - 9*g**2 - 19*g + 8. What are the prime factors of s(11)?
41
Let b = 9 - 8. List the prime factors of b/((11/(-12))/(-11)).
2, 3
Let d be 3/(-6)*-4 - 8. Let r = d - -13. Suppose q - r + 3 = 0. List the prime factors of q.
2
Let t(b) = 0*b - 2*b + 4*b - 4. What are the prime factors of t(5)?
2, 3
Suppose 2*y - 2120 = -5*g + 4*g, 2128 = 2*y + 5*g. Let d be 2/(-9) + y/27. Suppose 2*o - 2*i - 3 = 3, -4*o = 5*i - d. What are the prime factors of o?
2, 3
Suppose -16 = -n - 3*n, 55 = -3*q + n. Let j = q - -45. Suppose -4*o + 0*o = -j. List the prime factors of o.
7
Suppose -3*b - 35 = 22. Let x = b - -33. List the prime factors of x.
2, 7
Let q(s) = s**3 + 3*s**2 - 2. Let c be q(-2). Let v = -4 + c. List the prime factors of (-2)/v + 4/1.
5
Let g be (-16)/(-6) + (-6)/9. Suppose -11 = -k - 5*v, -26 = -g*k - 3*k + 4*v. List the prime factors of k.
2, 3
Suppose z - 4*o = 39, 3*z - 4*o - 3 = 122. What are the prime factors of z?
43
Suppose -s = 4*s - 15. Suppose -r + 5*v = -s, 3*r - 31 = 5*v - 2. List the prime factors of r.
13
Suppose w = 2*p - 25 - 4, 2*w = 2. Let z be (-4 - -2)/((-3)/p). Let d = -6 + z. List the prime factors of d.
2
Suppose -13 + 2 = -l. List the prime factors of 145/l + (-24)/132.
13
Let o(z) = z**3 + 7*z**2 + 6*z + 11. What are the prime factors of o(-6)?
11
List the prime factors of (-50)/(-45)*-3*588/(-10).
2, 7
Let y(a) = -3*a + 18*a**3 + 3*a + a**2 - 2*a**3. List the prime factors of y(1).
17
Let a(m) = 10*m + 0*m**2 + 2 - 14*m + m**2. Let w be 5 - (2 - (3 - 2)). What are the prime factors of a(w)?
2
Let b(l) = -l**2 + 3*l + 2. Let d be b(2). List the prime factors of d/(-18) + (-3904)/(-72).
2, 3
Suppose -11*m = -1348 - 104. List the prime factors of m.
2, 3, 11
Let k be ((-32)/(-12))/((-2)/(-3)). Suppose -h = 5*d - 3*d + 4, -5*d - 23 = -k*h. List the prime factors of h.
2
Let z = 7 - 3. Suppose -19 = -4*c + w, -4*c + z*w + 15 + 1 = 0. List the prime factors of c.
5
Let j be (-12)/(-15) + 2/10. Let v(q) = 3*q**2. Let z be v(j). Suppose -4*m + 8 = -z*m. List